 + -17. What is the remainder when d is divided by 1?
0
Let f(q) = q**3 + 2*q**2 - 4*q + 16. Calculate the remainder when 45 is divided by f(0).
13
Let l = 30 - 13. Calculate the remainder when l is divided by 4.
1
Let x = 43 - 29. Let p be (-2)/((-8)/(-5) - 2). Let z = p + 0. What is the remainder when x is divided by z?
4
Suppose -5*h = -2*h - 159. Calculate the remainder when h is divided by 7.
4
Let n = 4 + -5. Calculate the remainder when (-38)/n*(-3)/(-6) is divided by 7.
5
Calculate the remainder when 1 - 6 - (-162)/6 is divided by 3.
1
Suppose m = -12 + 35. Suppose 5*s = -n + m, -4*s + s = -2*n - 6. Calculate the remainder when 8 is divided by n.
2
Let c(v) = -v**2 - 7*v - 3. What is the remainder when (-1)/(2*(-4)/88) is divided by c(-6)?
2
What is the remainder when 24 - (-4 - (2 - 4)) is divided by 6?
2
Let o be (-1)/(-5) - 68/(-10). Let w = o - -64. Let c = -51 + 75. Calculate the remainder when w is divided by c.
23
Let h = -4 + 14. What is the remainder when 18 is divided by (-6)/h - 84/(-15)?
3
Suppose 3*v - v - 241 = -f, 2*v - 246 = -2*f. Calculate the remainder when v is divided by 30.
28
Suppose -4*k + 130 = k - 3*b, 5*k = -3*b + 130. Let d = -19 + k. Calculate the remainder when 19 is divided by d.
5
Let b = -14 - -42. What is the remainder when 109 is divided by b?
25
Let h be (-794)/4 + (-7)/14. Let r = h + 299. Suppose 6*o - r = 2*o. Calculate the remainder when o is divided by 9.
7
What is the remainder when 64 is divided by 11/((-11)/(-12)) - -1?
12
Let t(n) = 16*n**2 - 4*n - 3. Let w be t(-3). Suppose w - 25 = 4*c. What is the remainder when c is divided by 11?
10
Suppose 2*v + 4*n - 155 = -13, 2*v = n + 162. What is the remainder when v is divided by 27?
25
Suppose 0 = y + 2*u - 12, 20 = -4*u + 8*u. Suppose -2*m + 4*h + 6 = 0, y*h + 8 = 2*m - 0. Let j = -1 - -14. What is the remainder when j is divided by m?
3
Let m(j) = j**3 - 2*j**2 + 1. Let s be m(2). Let u = 5 - s. Calculate the remainder when 6 is divided by u.
2
Suppose 4*i - 2*i = 0. Suppose -4*l + i + 8 = 0. Calculate the remainder when 2*(-4 + l + 12) is divided by 7.
6
What is the remainder when (2/(-6))/((-6)/702) is divided by 14?
11
Let b(x) = x + 5. Let l be (-36)/(2 + (-11)/4). Suppose -l = -0*g - 3*g. Calculate the remainder when g is divided by b(4).
7
Let s = 0 + 11. Suppose 0 = -x - 3*u + u + 1, 0 = -4*u. Suppose -4*d + 5*r = -24, x = d + 3*r - 5. What is the remainder when s is divided by d?
5
Suppose -h = -0*h - 31. What is the remainder when h is divided by 16?
15
Let w = -165 + 179. Let y(v) = 2*v**2 - 8*v - 2. Let h be y(7). Suppose 0*b + h = b. Calculate the remainder when b is divided by w.
12
Let m = 9 + -3. Calculate the remainder when m is divided by 4.
2
Suppose 0 = -3*a - 0*a - 24. Let p = 22 + a. Calculate the remainder when 26 is divided by p.
12
Let p = -24 + 24. Suppose 4*j - 44 = -p*j. Calculate the remainder when 43 is divided by j.
10
Suppose -7 = -v + 24. Calculate the remainder when 92 is divided by v.
30
Calculate the remainder when 9 is divided by (-5 - 1 - 0)/(15/(-10)).
1
Suppose 0 = 4*j - 2*j - 6. Let d = j + 0. Suppose l = 2 + d. What is the remainder when 13 is divided by l?
3
Let g = 12 - 22. Let o be 2/7 + 88/(-14). What is the remainder when 27 is divided by ((-8)/g)/(o/(-105))?
13
Let l = 3 - 10. Let v be 3 + 3 + l*2. Let t(u) = -6*u - 11. What is the remainder when t(v) is divided by 13?
11
Suppose -5*b + 4*k - 4 = 2, 5*b - 2*k = 2. Suppose 4*q = b*q + 18. What is the remainder when 25 is divided by q?
7
Let z(f) = -f**2 - 9*f + 7. Let t be 0 + (-3)/1 + -4. Calculate the remainder when 62 is divided by z(t).
20
Let p be 3 - 1 - (-2)/2. Suppose -89 = -u - t, -2*u - p*t + 180 = -0*u. What is the remainder when u is divided by 30?
27
Let i(t) = 3*t - 1. Let u be i(1). Calculate the remainder when 25 is divided by u/8 - 51/(-4).
12
Let a be 517/4 + 2/(-8). Suppose 0 = -5*d + 2*s - 216, 3*d + 0*s = s - a. What is the remainder when d/(-11) + 4/22 is divided by 2?
0
Suppose -7 = -2*g + 1. Suppose -3*v + b + 41 = 0, -1 = -b - 0. What is the remainder when v is divided by g?
2
Suppose -3*n + 7*n + a = 56, -3*a = 4*n - 48. Calculate the remainder when 42 is divided by n.
12
Let i(d) = d**2 + 14*d + 18. Let c = -7 + -9. What is the remainder when i(c) is divided by 13?
11
Suppose 0 = -3*b + 4 + 2. Suppose -v = -b*v + 4. Calculate the remainder when 6 is divided by v.
2
Let t(d) = 34*d + 3. Calculate the remainder when 127 is divided by t(1).
16
Suppose -2*l + 2 = 0, l = 5*c - 4*c - 12. Let h(s) = 2*s**2 + 5*s - 5. What is the remainder when h(-6) is divided by c?
11
Let i = 9 + -5. Suppose x - 4*t = -7, -109 = -4*x - 3*t - 42. Calculate the remainder when x is divided by i.
1
Suppose 0 = -g + 79 - 31. What is the remainder when g is divided by 16?
0
Suppose -117 = -5*f + 2*f. Let w = 57 - f. What is the remainder when 52 is divided by w?
16
Suppose 2 = 3*r - 4. Suppose r*h = 4*o - 1 - 3, -3*h - 4 = -5*o. Suppose 3*w - w = 3*f - 19, -4*f - h*w + 2 = 0. Calculate the remainder when 7 is divided by f.
1
Suppose -2*s = -21 - 9. Calculate the remainder when s is divided by 8.
7
Let y = 37 + -18. What is the remainder when 56 is divided by y?
18
Let f be 0 + 1 - (4 - -11). Let w = f + 22. What is the remainder when 23 is divided by w?
7
Let l = 15 + -10. Calculate the remainder when l is divided by (-100)/(-30) - 2/6.
2
What is the remainder when ((-24)/(-40))/(1212/(-405) - -3) is divided by 21?
18
Let w = -3 - -5. Let j be (-3 - -2) + (-4)/w. What is the remainder when 3 + 3 + (j - -25) is divided by 10?
8
Let m(s) = -s**3 + s**2 + s + 14. Let a = 14 - 14. Calculate the remainder when 53 is divided by m(a).
11
Suppose -11 - 4 = -5*j. Suppose -5*h + q + 94 = 0, -j*h - 81 = -7*h - 5*q. Calculate the remainder when h is divided by 11.
8
Let p(v) be the first derivative of -2 + 1/3*v**3 - v + v**2. What is the remainder when 3 is divided by p(-3)?
1
Let y(z) = -6*z + 10. What is the remainder when y(-6) is divided by 12?
10
Let f(r) = -3*r - 5. Let h be f(-5). Let x be (2 - (-3)/(-1)) + h. Suppose -3*t + 24 = -2*w, -4*w = -3*t + 9 + x. What is the remainder when 28 is divided by t?
8
Suppose -37 - 98 = 5*s. Let a = s - -42. What is the remainder when a is divided by 9?
6
Suppose 10 - 30 = -4*t. Suppose t*l + 0*m = -3*m + 50, -l + 2*m - 3 = 0. Calculate the remainder when 13 is divided by l.
6
Let m(v) = -v**2 + 8*v - 7. Let j be m(5). Let p = -6 + j. Suppose p*c - 40 = 28. Calculate the remainder when c is divided by 18.
16
What is the remainder when 15 is divided by 4 + 4*36/16?
2
Let y(k) = -k**2 + 13*k - 7. Calculate the remainder when 95 is divided by y(8).
29
Suppose -z = 4*z - 20, -2*u = 5*z - 32. Calculate the remainder when u is divided by 1.
0
Suppose 0 = 4*w + 5 - 29. Suppose -27 = w*q - 303. Let l(d) = -3*d**3 - 2*d**2 + d + 2. What is the remainder when q is divided by l(-2)?
14
Suppose 13 + 5 = 6*x. What is the remainder when 11 is divided by x?
2
Suppose 3*t = 4*c + 34, -t - 2*c + 0 - 2 = 0. Suppose 5*o = -5*a, a - t = 2*o - 0. What is the remainder when 5 is divided by a?
1
Let z(k) = k**3 - 5*k**2 + 4*k + 2. Let g be z(4). Suppose 2*a + 2*y = -0*y - g, 0 = y + 4. What is the remainder when a is divided by (-3)/(3/(-12)*6)?
1
Suppose -l + i + 9 + 0 = 0, 5*l - i = 45. Let w(t) = -l - 2*t - 2*t + 6*t. What is the remainder when 13 is divided by w(8)?
6
Let f(p) = 2*p**2 + 8*p + 8. Let s be f(-6). Suppose z - s = 4. Calculate the remainder when z is divided by 13.
10
Suppose -2*a + 265 = 5*i, i = -3*a + 9 + 31. Calculate the remainder when i is divided by 19.
17
Let o = 42 - 21. Calculate the remainder when 61 is divided by o.
19
Let w(k) = k**2 + 4*k - 4. Let q be w(-9). Let p = -29 + q. Calculate the remainder when p is divided by 14/4*(1 + 1).
5
Suppose 2*d + d - 129 = 0. Let u = d - 21. Let i(p) = 11*p**3 + p**2 + p - 1. Calculate the remainder when u is divided by i(1).
10
Suppose 2 - 17 = -5*d. Let y = -5 + 10. Let m = -3 + y. What is the remainder when d is divided by m?
1
Let y = -17 - -4. Let n = -2 - y. Calculate the remainder when (1/(-2))/(2/(-124)) is divided by n.
9
Suppose 40 = 5*m - 40. Suppose 55 = 5*d - 5*f, 0 = -2*d + 5*f - 11 + 48. Calculate the remainder when m is divided by d.
4
Let y be 4*(30/(-